 2880120 and 4170.
30
Calculate the highest common factor of 831 and 67748106.
831
Calculate the greatest common divisor of 53209447 and 25026.
4171
Calculate the greatest common divisor of 3358392 and 35424.
984
Calculate the highest common factor of 222229 and 23.
1
What is the highest common divisor of 2826 and 38655?
9
Calculate the greatest common factor of 2727 and 12849018.
303
What is the greatest common factor of 2706203 and 97?
97
What is the highest common factor of 5678 and 3212746?
334
What is the highest common factor of 8275968 and 179712?
4608
Calculate the highest common divisor of 1833653950 and 50.
50
Calculate the greatest common divisor of 88 and 81256.
8
What is the greatest common divisor of 99 and 138361194?
9
What is the greatest common divisor of 80933302 and 856?
214
Calculate the greatest common divisor of 1827 and 41492997.
1827
What is the highest common divisor of 10250049 and 3?
3
Calculate the greatest common factor of 314648 and 33386704.
8504
Calculate the greatest common divisor of 805576 and 11294016.
7976
Calculate the greatest common divisor of 5676 and 112464.
132
Calculate the greatest common factor of 4080 and 12626580.
1020
What is the highest common factor of 104 and 547395316?
52
What is the highest common divisor of 790 and 261390?
10
Calculate the greatest common divisor of 1464 and 1214937.
183
Calculate the greatest common divisor of 1034 and 1188.
22
What is the highest common factor of 459 and 80846271?
153
Calculate the highest common divisor of 29999368 and 8173.
743
What is the greatest common factor of 5915 and 30094337?
1183
Calculate the highest common factor of 1379 and 97120212.
1379
Calculate the greatest common factor of 115 and 1026262070.
115
What is the greatest common divisor of 686 and 119406?
14
What is the greatest common factor of 150334593 and 171?
57
What is the greatest common divisor of 278 and 20413401?
139
What is the greatest common factor of 28119 and 6075?
3
Calculate the highest common divisor of 2177854 and 42.
14
Calculate the highest common factor of 21913589 and 1769.
29
What is the highest common factor of 2784777 and 57?
3
Calculate the greatest common divisor of 40097 and 200182.
101
Calculate the highest common divisor of 12245616 and 466191.
2493
Calculate the highest common divisor of 565264 and 100.
4
Calculate the highest common divisor of 1370456532 and 36.
36
What is the greatest common divisor of 3562 and 74204?
26
What is the highest common factor of 11730 and 1949917?
391
Calculate the greatest common factor of 50569 and 1788947.
61
What is the greatest common factor of 6300 and 8205?
15
Calculate the highest common factor of 1710 and 9462650.
10
What is the greatest common divisor of 166 and 32925519?
83
What is the highest common factor of 962544 and 1551?
33
What is the highest common factor of 4539 and 603789?
51
Calculate the highest common divisor of 112250439 and 1071.
1071
What is the highest common factor of 13966983 and 3?
3
What is the greatest common divisor of 23579218 and 338?
338
What is the greatest common factor of 11925 and 13564025?
1325
Calculate the greatest common divisor of 34 and 928894756.
34
Calculate the highest common divisor of 263895 and 1030395.
1095
Calculate the highest common factor of 1286 and 1135395254.
1286
Calculate the highest common divisor of 104 and 211578848.
104
What is the greatest common divisor of 40510064 and 6657?
2219
Calculate the highest common divisor of 1634 and 1051264.
86
What is the greatest common factor of 1562 and 21729905?
71
What is the greatest common divisor of 4444 and 413732?
44
Calculate the highest common factor of 814 and 498538.
74
Calculate the greatest common divisor of 88536 and 121983636.
6324
What is the greatest common factor of 3246396 and 15908?
388
Calculate the greatest common divisor of 1718199 and 1323.
189
Calculate the highest common divisor of 350 and 367310.
10
Calculate the greatest common factor of 1560606 and 4582.
58
What is the highest common divisor of 15960 and 1099112?
1064
What is the highest common divisor of 128158 and 1668?
278
What is the greatest common factor of 1400 and 117419750?
350
Calculate the highest common divisor of 36 and 656703900.
36
Calculate the highest common divisor of 4934474 and 1398.
466
Calculate the highest common divisor of 2627453 and 361.
19
Calculate the highest common divisor of 2160 and 73804080.
240
Calculate the highest common factor of 1009370160 and 720.
720
Calculate the greatest common factor of 764 and 668210444.
764
Calculate the highest common divisor of 3642089 and 165.
11
Calculate the highest common divisor of 1391 and 1752881.
13
What is the greatest common divisor of 13853 and 18676?
7
What is the highest common factor of 9315 and 24241149?
207
What is the greatest common factor of 188 and 12078013?
47
What is the greatest common divisor of 51 and 8480463?
3
Calculate the highest common divisor of 146 and 30688543.
73
What is the highest common factor of 5882551 and 3728?
233
What is the highest common divisor of 1639 and 4595756?
1639
What is the highest common divisor of 8152855 and 17813?
47
Calculate the greatest common divisor of 127244 and 5356.
52
What is the highest common divisor of 11 and 37774693?
11
Calculate the greatest common factor of 85886688 and 72.
24
Calculate the greatest common factor of 10215 and 26328141.
2043
What is the greatest common factor of 29619262 and 138?
46
What is the greatest common divisor of 23836 and 2077272?
236
Calculate the greatest common divisor of 1184 and 9787.
1
Calculate the highest common factor of 153917 and 275203.
149
What is the greatest common factor of 1796 and 440228?
4
What is the greatest common divisor of 3792 and 38576964?
948
What is the highest common factor of 55731 and 12051?
39
Calculate the greatest common divisor of 270 and 18944586.
18
What is the greatest common factor of 67596 and 139122?
786
What is the greatest common factor of 22750 and 35840?
70
Calculate the highest common factor of 16049 and 48587.
11
Calculate the highest common factor of 3215133 and 6363.
909
Calculate the highest common factor of 716650 and 1430.
110
Calculate the greatest common factor of 6573302 and 3848960.
6014
What is the highest common factor of 26 and 83530278?
26
What is the highest common divisor of 578327500 and 50?
50
What is the highest common divisor of 268785 and 5665?
55
What is the highest common factor of 76383002 and 42256?
5282
What is the greatest common factor of 5 and 54614250?
5
Calculate the greatest common divisor of 3648 and 12226272.
1824
What is the highest common factor of 6048007 and 517?
47
What is the highest common divisor of 9980 and 19656608?
1996
What is the highest common factor of 35885934 and 2001?
2001
Calculate the highest common divisor of 1940924 and 9248.
1156
Calculate the highest common factor of 1364073237 and 27.
27
What is the highest common divisor of 61 and 738527?
61
What is the greatest common factor of 774 and 38717802?
774
Calculate the greatest common factor of 1162387 and 3171368.
6719
Calculate the highest common divisor of 116143298 and 14570.
2914
Calculate the highest common factor of 24921 and 822808350.
8307
Calculate the highest common factor of 1749990 and 80.
10
What is the highest common divisor of 825666 and 12562?
1142
What is the greatest common divisor of 5652 and 858947?
157
Calculate the highest common factor of 8805 and 2556972.
1761
What is the highest common factor of 980 and 2621045?
35
Calculate the highest common factor of 91519 and 493687.
1289
What is the highest common divisor of 284 and 59934579?
71
What is the greatest common divisor of 1686138651 and 1611?
1611
Calculate the greatest common factor of 9470 and 2620349.
947
What is the greatest common divisor of 10809 and 1872359?
1201
What is the highest common factor of 497459 and 12346384?
3917
Calculate the greatest common factor of 23326 and 1870574.
214
Calculate the highest common factor of 27392942 and 3522.
1174
Calculate the greatest common divisor of 30744 and 3107706.
2562
What is the highest common divisor of 42376686 and 18?
6
What is the greatest common factor of 37843 and 793801?
41
What is the highest common di